{"id":982,"date":"2022-10-03T22:57:15","date_gmt":"2022-10-03T22:57:15","guid":{"rendered":"https:\/\/fabricadesanpedro.com\/?post_type=tribe_events&#038;p=982"},"modified":"2022-10-06T16:54:48","modified_gmt":"2022-10-06T16:54:48","slug":"accion-el-hacer-y-el-vestir-carla-fernandez","status":"publish","type":"tribe_events","link":"https:\/\/fabricadesanpedro.com\/en\/eventos\/accion-el-hacer-y-el-vestir-carla-fernandez\/","title":{"rendered":"Acci\u00f3n: El hacer y el vestir. Carla Fern\u00e1ndez opening"},"content":{"rendered":"<h3 class=\"news-title scrollW\">Acci\u00f3n: El hacer y el vestir. Carla Fern\u00e1ndez<\/h3>\n<div class=\"inner-content scrollW\">\n<p>F\u00e1brica de San Pedro Cultural Center<\/p>\n<p>Opening<\/p>\n<\/div>\n<div class=\"inner-content scrollW\">\n<p>13.10.22 17h<\/p>\n<p>Curated by Ana Elena Mallet<\/p>\n<p>Concept: Carla Fern\u00e1ndez<\/p>\n<p>Guest artists: Vladimir Boj\u00f3rquez, B\u00e1rbara Foulkes, Manuel Rocha, Andrea Amoretti, Felipe Horta, Mat\u00edas \u00c1lvarez, Emma Baca, Liliana Jemal, Florence Leyret, Maruch S\u00e1ntiz.<\/p>\n<p>Thursday to sunday 12 h a 19 h<\/p>\n<p>Miguel Trevi\u00f1o 100, Centro, Uruapan, Michoac\u00e1n.<\/p>\n<\/div>\n<p>*National production of visual arts carried out with the tax incentive of article 190 of the LISR (EFIARTES)<\/p>\n<p><b>Fabrica de San Pedro Cultural Center<br \/>\n<\/b><\/p>\n<p>Miguel Trevi\u00f1o s\/n, Centro, 60000,<\/p>\n<p>Uruapan, Michoacan.<\/p>\n<p><span class=\"Y2IQFc\" lang=\"en\">\u00a0<\/span><\/p>\n<div class=\"content\">\n<p>&nbsp;<\/p>\n<\/div>\n<p>&nbsp;<\/p>\n<div class=\"content\">\n<p>&nbsp;<\/p>\n<p>&nbsp;<\/p>\n<\/div>\n","protected":false},"excerpt":{"rendered":"<p>Opening<br \/>\n13.10.22 17h<\/p>\n","protected":false},"author":1,"featured_media":986,"comment_status":"open","ping_status":"closed","template":"","meta":{"_tribe_events_status":"","_tribe_events_status_reason":"","footnotes":""},"tags":[],"tribe_events_cat":[25],"class_list":["post-982","tribe_events","type-tribe_events","status-publish","has-post-thumbnail","hentry","tribe_events_cat-events-en","cat_events-en"],"yoast_head":"<!-- This site is optimized with the Yoast SEO plugin v27.5 - https:\/\/yoast.com\/product\/yoast-seo-wordpress\/ -->\n<title>Acci\u00f3n: El hacer y el vestir. Carla Fern\u00e1ndez opening - F\u00e1brica San Pedro<\/title>\n<meta name=\"robots\" content=\"index, follow, max-snippet:-1, max-image-preview:large, max-video-preview:-1\" \/>\n<link rel=\"canonical\" href=\"https:\/\/fabricadesanpedro.com\/en\/eventos\/accion-el-hacer-y-el-vestir-carla-fernandez\/\" \/>\n<meta property=\"og:locale\" content=\"en_US\" \/>\n<meta property=\"og:type\" content=\"article\" \/>\n<meta property=\"og:title\" content=\"Acci\u00f3n: El hacer y el vestir. Carla Fern\u00e1ndez opening - F\u00e1brica San Pedro\" \/>\n<meta property=\"og:description\" content=\"Opening 13.10.22 17h\" \/>\n<meta property=\"og:url\" content=\"https:\/\/fabricadesanpedro.com\/en\/eventos\/accion-el-hacer-y-el-vestir-carla-fernandez\/\" \/>\n<meta property=\"og:site_name\" content=\"F\u00e1brica San Pedro\" \/>\n<meta property=\"article:publisher\" content=\"https:\/\/www.facebook.com\/FabricadeSanPedro\/\" \/>\n<meta property=\"article:modified_time\" content=\"2022-10-06T16:54:48+00:00\" \/>\n<meta property=\"og:image\" content=\"https:\/\/fabricadesanpedro.com\/wp-content\/uploads\/2022\/10\/inauguracio\u0301n-Carla-Fernandez.jpg\" \/>\n\t<meta property=\"og:image:width\" content=\"1005\" \/>\n\t<meta property=\"og:image:height\" content=\"1280\" \/>\n\t<meta property=\"og:image:type\" content=\"image\/jpeg\" \/>\n<meta name=\"twitter:card\" content=\"summary_large_image\" \/>\n<meta name=\"twitter:label1\" content=\"Est. reading time\" \/>\n\t<meta name=\"twitter:data1\" content=\"1 minute\" \/>\n<script type=\"application\/ld+json\" class=\"yoast-schema-graph\">{\"@context\":\"https:\\\/\\\/schema.org\",\"@graph\":[{\"@type\":\"WebPage\",\"@id\":\"https:\\\/\\\/fabricadesanpedro.com\\\/en\\\/eventos\\\/accion-el-hacer-y-el-vestir-carla-fernandez\\\/\",\"url\":\"https:\\\/\\\/fabricadesanpedro.com\\\/en\\\/eventos\\\/accion-el-hacer-y-el-vestir-carla-fernandez\\\/\",\"name\":\"Acci\u00f3n: El hacer y el vestir. Carla Fern\u00e1ndez opening - F\u00e1brica San Pedro\",\"isPartOf\":{\"@id\":\"https:\\\/\\\/fabricadesanpedro.com\\\/#website\"},\"primaryImageOfPage\":{\"@id\":\"https:\\\/\\\/fabricadesanpedro.com\\\/en\\\/eventos\\\/accion-el-hacer-y-el-vestir-carla-fernandez\\\/#primaryimage\"},\"image\":{\"@id\":\"https:\\\/\\\/fabricadesanpedro.com\\\/en\\\/eventos\\\/accion-el-hacer-y-el-vestir-carla-fernandez\\\/#primaryimage\"},\"thumbnailUrl\":\"https:\\\/\\\/fabricadesanpedro.com\\\/wp-content\\\/uploads\\\/2022\\\/10\\\/inauguracio\u0301n-Carla-Fernandez.jpg\",\"datePublished\":\"2022-10-03T22:57:15+00:00\",\"dateModified\":\"2022-10-06T16:54:48+00:00\",\"breadcrumb\":{\"@id\":\"https:\\\/\\\/fabricadesanpedro.com\\\/en\\\/eventos\\\/accion-el-hacer-y-el-vestir-carla-fernandez\\\/#breadcrumb\"},\"inLanguage\":\"en-US\",\"potentialAction\":[{\"@type\":\"ReadAction\",\"target\":[\"https:\\\/\\\/fabricadesanpedro.com\\\/en\\\/eventos\\\/accion-el-hacer-y-el-vestir-carla-fernandez\\\/\"]}]},{\"@type\":\"ImageObject\",\"inLanguage\":\"en-US\",\"@id\":\"https:\\\/\\\/fabricadesanpedro.com\\\/en\\\/eventos\\\/accion-el-hacer-y-el-vestir-carla-fernandez\\\/#primaryimage\",\"url\":\"https:\\\/\\\/fabricadesanpedro.com\\\/wp-content\\\/uploads\\\/2022\\\/10\\\/inauguracio\u0301n-Carla-Fernandez.jpg\",\"contentUrl\":\"https:\\\/\\\/fabricadesanpedro.com\\\/wp-content\\\/uploads\\\/2022\\\/10\\\/inauguracio\u0301n-Carla-Fernandez.jpg\",\"width\":1005,\"height\":1280},{\"@type\":\"BreadcrumbList\",\"@id\":\"https:\\\/\\\/fabricadesanpedro.com\\\/en\\\/eventos\\\/accion-el-hacer-y-el-vestir-carla-fernandez\\\/#breadcrumb\",\"itemListElement\":[{\"@type\":\"ListItem\",\"position\":1,\"name\":\"Home\",\"item\":\"https:\\\/\\\/fabricadesanpedro.com\\\/en\\\/\"},{\"@type\":\"ListItem\",\"position\":2,\"name\":\"Events\",\"item\":\"https:\\\/\\\/fabricadesanpedro.com\\\/events\\\/\"},{\"@type\":\"ListItem\",\"position\":3,\"name\":\"Acci\u00f3n: El hacer y el vestir. Carla Fern\u00e1ndez opening\"}]},{\"@type\":\"WebSite\",\"@id\":\"https:\\\/\\\/fabricadesanpedro.com\\\/#website\",\"url\":\"https:\\\/\\\/fabricadesanpedro.com\\\/\",\"name\":\"F\u00e1brica San Pedro\",\"description\":\"Fabrica San Pedro\",\"publisher\":{\"@id\":\"https:\\\/\\\/fabricadesanpedro.com\\\/#organization\"},\"potentialAction\":[{\"@type\":\"SearchAction\",\"target\":{\"@type\":\"EntryPoint\",\"urlTemplate\":\"https:\\\/\\\/fabricadesanpedro.com\\\/?s={search_term_string}\"},\"query-input\":{\"@type\":\"PropertyValueSpecification\",\"valueRequired\":true,\"valueName\":\"search_term_string\"}}],\"inLanguage\":\"en-US\"},{\"@type\":\"Organization\",\"@id\":\"https:\\\/\\\/fabricadesanpedro.com\\\/#organization\",\"name\":\"Centro Cultural F\u00e1brica de San Pedro\",\"url\":\"https:\\\/\\\/fabricadesanpedro.com\\\/\",\"logo\":{\"@type\":\"ImageObject\",\"inLanguage\":\"en-US\",\"@id\":\"https:\\\/\\\/fabricadesanpedro.com\\\/#\\\/schema\\\/logo\\\/image\\\/\",\"url\":\"https:\\\/\\\/fabricadesanpedro.com\\\/wp-content\\\/uploads\\\/2021\\\/01\\\/logo-fjm-rojo.png\",\"contentUrl\":\"https:\\\/\\\/fabricadesanpedro.com\\\/wp-content\\\/uploads\\\/2021\\\/01\\\/logo-fjm-rojo.png\",\"width\":200,\"height\":49,\"caption\":\"Centro Cultural F\u00e1brica de San Pedro\"},\"image\":{\"@id\":\"https:\\\/\\\/fabricadesanpedro.com\\\/#\\\/schema\\\/logo\\\/image\\\/\"},\"sameAs\":[\"https:\\\/\\\/www.facebook.com\\\/FabricadeSanPedro\\\/\"]}]}<\/script>\n<!-- \/ Yoast SEO plugin. -->","yoast_head_json":{"title":"Acci\u00f3n: El hacer y el vestir. Carla Fern\u00e1ndez opening - F\u00e1brica San Pedro","robots":{"index":"index","follow":"follow","max-snippet":"max-snippet:-1","max-image-preview":"max-image-preview:large","max-video-preview":"max-video-preview:-1"},"canonical":"https:\/\/fabricadesanpedro.com\/en\/eventos\/accion-el-hacer-y-el-vestir-carla-fernandez\/","og_locale":"en_US","og_type":"article","og_title":"Acci\u00f3n: El hacer y el vestir. Carla Fern\u00e1ndez opening - F\u00e1brica San Pedro","og_description":"Opening 13.10.22 17h","og_url":"https:\/\/fabricadesanpedro.com\/en\/eventos\/accion-el-hacer-y-el-vestir-carla-fernandez\/","og_site_name":"F\u00e1brica San Pedro","article_publisher":"https:\/\/www.facebook.com\/FabricadeSanPedro\/","article_modified_time":"2022-10-06T16:54:48+00:00","og_image":[{"width":1005,"height":1280,"url":"https:\/\/fabricadesanpedro.com\/wp-content\/uploads\/2022\/10\/inauguracio\u0301n-Carla-Fernandez.jpg","type":"image\/jpeg"}],"twitter_card":"summary_large_image","twitter_misc":{"Est. reading time":"1 minute"},"schema":{"@context":"https:\/\/schema.org","@graph":[{"@type":"WebPage","@id":"https:\/\/fabricadesanpedro.com\/en\/eventos\/accion-el-hacer-y-el-vestir-carla-fernandez\/","url":"https:\/\/fabricadesanpedro.com\/en\/eventos\/accion-el-hacer-y-el-vestir-carla-fernandez\/","name":"Acci\u00f3n: El hacer y el vestir. Carla Fern\u00e1ndez opening - F\u00e1brica San Pedro","isPartOf":{"@id":"https:\/\/fabricadesanpedro.com\/#website"},"primaryImageOfPage":{"@id":"https:\/\/fabricadesanpedro.com\/en\/eventos\/accion-el-hacer-y-el-vestir-carla-fernandez\/#primaryimage"},"image":{"@id":"https:\/\/fabricadesanpedro.com\/en\/eventos\/accion-el-hacer-y-el-vestir-carla-fernandez\/#primaryimage"},"thumbnailUrl":"https:\/\/fabricadesanpedro.com\/wp-content\/uploads\/2022\/10\/inauguracio\u0301n-Carla-Fernandez.jpg","datePublished":"2022-10-03T22:57:15+00:00","dateModified":"2022-10-06T16:54:48+00:00","breadcrumb":{"@id":"https:\/\/fabricadesanpedro.com\/en\/eventos\/accion-el-hacer-y-el-vestir-carla-fernandez\/#breadcrumb"},"inLanguage":"en-US","potentialAction":[{"@type":"ReadAction","target":["https:\/\/fabricadesanpedro.com\/en\/eventos\/accion-el-hacer-y-el-vestir-carla-fernandez\/"]}]},{"@type":"ImageObject","inLanguage":"en-US","@id":"https:\/\/fabricadesanpedro.com\/en\/eventos\/accion-el-hacer-y-el-vestir-carla-fernandez\/#primaryimage","url":"https:\/\/fabricadesanpedro.com\/wp-content\/uploads\/2022\/10\/inauguracio\u0301n-Carla-Fernandez.jpg","contentUrl":"https:\/\/fabricadesanpedro.com\/wp-content\/uploads\/2022\/10\/inauguracio\u0301n-Carla-Fernandez.jpg","width":1005,"height":1280},{"@type":"BreadcrumbList","@id":"https:\/\/fabricadesanpedro.com\/en\/eventos\/accion-el-hacer-y-el-vestir-carla-fernandez\/#breadcrumb","itemListElement":[{"@type":"ListItem","position":1,"name":"Home","item":"https:\/\/fabricadesanpedro.com\/en\/"},{"@type":"ListItem","position":2,"name":"Events","item":"https:\/\/fabricadesanpedro.com\/events\/"},{"@type":"ListItem","position":3,"name":"Acci\u00f3n: El hacer y el vestir. Carla Fern\u00e1ndez opening"}]},{"@type":"WebSite","@id":"https:\/\/fabricadesanpedro.com\/#website","url":"https:\/\/fabricadesanpedro.com\/","name":"F\u00e1brica San Pedro","description":"Fabrica San Pedro","publisher":{"@id":"https:\/\/fabricadesanpedro.com\/#organization"},"potentialAction":[{"@type":"SearchAction","target":{"@type":"EntryPoint","urlTemplate":"https:\/\/fabricadesanpedro.com\/?s={search_term_string}"},"query-input":{"@type":"PropertyValueSpecification","valueRequired":true,"valueName":"search_term_string"}}],"inLanguage":"en-US"},{"@type":"Organization","@id":"https:\/\/fabricadesanpedro.com\/#organization","name":"Centro Cultural F\u00e1brica de San Pedro","url":"https:\/\/fabricadesanpedro.com\/","logo":{"@type":"ImageObject","inLanguage":"en-US","@id":"https:\/\/fabricadesanpedro.com\/#\/schema\/logo\/image\/","url":"https:\/\/fabricadesanpedro.com\/wp-content\/uploads\/2021\/01\/logo-fjm-rojo.png","contentUrl":"https:\/\/fabricadesanpedro.com\/wp-content\/uploads\/2021\/01\/logo-fjm-rojo.png","width":200,"height":49,"caption":"Centro Cultural F\u00e1brica de San Pedro"},"image":{"@id":"https:\/\/fabricadesanpedro.com\/#\/schema\/logo\/image\/"},"sameAs":["https:\/\/www.facebook.com\/FabricadeSanPedro\/"]}]}},"_links":{"self":[{"href":"https:\/\/fabricadesanpedro.com\/en\/wp-json\/wp\/v2\/tribe_events\/982","targetHints":{"allow":["GET"]}}],"collection":[{"href":"https:\/\/fabricadesanpedro.com\/en\/wp-json\/wp\/v2\/tribe_events"}],"about":[{"href":"https:\/\/fabricadesanpedro.com\/en\/wp-json\/wp\/v2\/types\/tribe_events"}],"author":[{"embeddable":true,"href":"https:\/\/fabricadesanpedro.com\/en\/wp-json\/wp\/v2\/users\/1"}],"replies":[{"embeddable":true,"href":"https:\/\/fabricadesanpedro.com\/en\/wp-json\/wp\/v2\/comments?post=982"}],"version-history":[{"count":6,"href":"https:\/\/fabricadesanpedro.com\/en\/wp-json\/wp\/v2\/tribe_events\/982\/revisions"}],"predecessor-version":[{"id":1008,"href":"https:\/\/fabricadesanpedro.com\/en\/wp-json\/wp\/v2\/tribe_events\/982\/revisions\/1008"}],"wp:featuredmedia":[{"embeddable":true,"href":"https:\/\/fabricadesanpedro.com\/en\/wp-json\/wp\/v2\/media\/986"}],"wp:attachment":[{"href":"https:\/\/fabricadesanpedro.com\/en\/wp-json\/wp\/v2\/media?parent=982"}],"wp:term":[{"taxonomy":"post_tag","embeddable":true,"href":"https:\/\/fabricadesanpedro.com\/en\/wp-json\/wp\/v2\/tags?post=982"},{"taxonomy":"tribe_events_cat","embeddable":true,"href":"https:\/\/fabricadesanpedro.com\/en\/wp-json\/wp\/v2\/tribe_events_cat?post=982"}],"curies":[{"name":"wp","href":"https:\/\/api.w.org\/{rel}","templated":true}]}}

Acción: El hacer y el vestir. Carla Fernández opening

<h3 class="news-title scrollW">Acción: El hacer y el vestir. Carla Fernández</h3>
<div class="inner-content scrollW">
<p>Fábrica de San Pedro Cultural Center</p>
<p>Opening</p>
</div>
<div class="inner-content scrollW">
<p>13.10.22 17h</p>
<p>Curated by Ana Elena Mallet</p>
<p>Concept: Carla Fernández</p>
<p>Guest artists: Vladimir Bojórquez, Bárbara Foulkes, Manuel Rocha, Andrea Amoretti, Felipe Horta, Matías Álvarez, Emma Baca, Liliana Jemal, Florence Leyret, Maruch Sántiz.</p>
<p>Thursday to sunday 12 h a 19 h</p>
<p>Miguel Treviño 100, Centro, Uruapan, Michoacán.</p>
</div>
<p>*National production of visual arts carried out with the tax incentive of article 190 of the LISR (EFIARTES)</p>
<p><b>Fabrica de San Pedro Cultural Center<br />
</b></p>
<p>Miguel Treviño s/n, Centro, 60000,</p>
<p>Uruapan, Michoacan.</p>
<p><span class="Y2IQFc" lang="en"> </span></p>
<div class="content">
<p>&nbsp;</p>
</div>
<p>&nbsp;</p>
<div class="content">
<p>&nbsp;</p>
<p>&nbsp;</p>
</div>

<!-- This site is optimized with the Yoast SEO plugin v27.5 - https://yoast.com/product/yoast-seo-wordpress/ -->
<title>Acción: El hacer y el vestir. Carla Fernández opening - Fábrica San Pedro</title>
<meta name="robots" content="index, follow, max-snippet:-1, max-image-preview:large, max-video-preview:-1" />
<link rel="canonical" href="https://fabricadesanpedro.com/en/eventos/accion-el-hacer-y-el-vestir-carla-fernandez/" />
<meta property="og:locale" content="en_US" />
<meta property="og:type" content="article" />
<meta property="og:title" content="Acción: El hacer y el vestir. Carla Fernández opening - Fábrica San Pedro" />
<meta property="og:description" content="Opening 13.10.22 17h" />
<meta property="og:url" content="https://fabricadesanpedro.com/en/eventos/accion-el-hacer-y-el-vestir-carla-fernandez/" />
<meta property="og:site_name" content="Fábrica San Pedro" />
<meta property="article:publisher" content="https://www.facebook.com/FabricadeSanPedro/" />
<meta property="article:modified_time" content="2022-10-06T16:54:48+00:00" />
<meta property="og:image" content="https://fabricadesanpedro.com/wp-content/uploads/2022/10/inauguración-Carla-Fernandez.jpg" />
	<meta property="og:image:width" content="1005" />
	<meta property="og:image:height" content="1280" />
	<meta property="og:image:type" content="image/jpeg" />
<meta name="twitter:card" content="summary_large_image" />
<meta name="twitter:label1" content="Est. reading time" />
	<meta name="twitter:data1" content="1 minute" />
<script type="application/ld+json" class="yoast-schema-graph">{"@context":"https:\/\/schema.org","@graph":[{"@type":"WebPage","@id":"https:\/\/fabricadesanpedro.com\/en\/eventos\/accion-el-hacer-y-el-vestir-carla-fernandez\/","url":"https:\/\/fabricadesanpedro.com\/en\/eventos\/accion-el-hacer-y-el-vestir-carla-fernandez\/","name":"Acción: El hacer y el vestir. Carla Fernández opening - Fábrica San Pedro","isPartOf":{"@id":"https:\/\/fabricadesanpedro.com\/#website"},"primaryImageOfPage":{"@id":"https:\/\/fabricadesanpedro.com\/en\/eventos\/accion-el-hacer-y-el-vestir-carla-fernandez\/#primaryimage"},"image":{"@id":"https:\/\/fabricadesanpedro.com\/en\/eventos\/accion-el-hacer-y-el-vestir-carla-fernandez\/#primaryimage"},"thumbnailUrl":"https:\/\/fabricadesanpedro.com\/wp-content\/uploads\/2022\/10\/inauguración-Carla-Fernandez.jpg","datePublished":"2022-10-03T22:57:15+00:00","dateModified":"2022-10-06T16:54:48+00:00","breadcrumb":{"@id":"https:\/\/fabricadesanpedro.com\/en\/eventos\/accion-el-hacer-y-el-vestir-carla-fernandez\/#breadcrumb"},"inLanguage":"en-US","potentialAction":[{"@type":"ReadAction","target":["https:\/\/fabricadesanpedro.com\/en\/eventos\/accion-el-hacer-y-el-vestir-carla-fernandez\/"]}]},{"@type":"ImageObject","inLanguage":"en-US","@id":"https:\/\/fabricadesanpedro.com\/en\/eventos\/accion-el-hacer-y-el-vestir-carla-fernandez\/#primaryimage","url":"https:\/\/fabricadesanpedro.com\/wp-content\/uploads\/2022\/10\/inauguración-Carla-Fernandez.jpg","contentUrl":"https:\/\/fabricadesanpedro.com\/wp-content\/uploads\/2022\/10\/inauguración-Carla-Fernandez.jpg","width":1005,"height":1280},{"@type":"BreadcrumbList","@id":"https:\/\/fabricadesanpedro.com\/en\/eventos\/accion-el-hacer-y-el-vestir-carla-fernandez\/#breadcrumb","itemListElement":[{"@type":"ListItem","position":1,"name":"Home","item":"https:\/\/fabricadesanpedro.com\/en\/"},{"@type":"ListItem","position":2,"name":"Events","item":"https:\/\/fabricadesanpedro.com\/events\/"},{"@type":"ListItem","position":3,"name":"Acción: El hacer y el vestir. Carla Fernández opening"}]},{"@type":"WebSite","@id":"https:\/\/fabricadesanpedro.com\/#website","url":"https:\/\/fabricadesanpedro.com\/","name":"Fábrica San Pedro","description":"Fabrica San Pedro","publisher":{"@id":"https:\/\/fabricadesanpedro.com\/#organization"},"potentialAction":[{"@type":"SearchAction","target":{"@type":"EntryPoint","urlTemplate":"https:\/\/fabricadesanpedro.com\/?s={search_term_string}"},"query-input":{"@type":"PropertyValueSpecification","valueRequired":true,"valueName":"search_term_string"}}],"inLanguage":"en-US"},{"@type":"Organization","@id":"https:\/\/fabricadesanpedro.com\/#organization","name":"Centro Cultural Fábrica de San Pedro","url":"https:\/\/fabricadesanpedro.com\/","logo":{"@type":"ImageObject","inLanguage":"en-US","@id":"https:\/\/fabricadesanpedro.com\/#\/schema\/logo\/image\/","url":"https:\/\/fabricadesanpedro.com\/wp-content\/uploads\/2021\/01\/logo-fjm-rojo.png","contentUrl":"https:\/\/fabricadesanpedro.com\/wp-content\/uploads\/2021\/01\/logo-fjm-rojo.png","width":200,"height":49,"caption":"Centro Cultural Fábrica de San Pedro"},"image":{"@id":"https:\/\/fabricadesanpedro.com\/#\/schema\/logo\/image\/"},"sameAs":["https:\/\/www.facebook.com\/FabricadeSanPedro\/"]}]}</script>
<!-- / Yoast SEO plugin. -->

Acción: El hacer y el vestir. Carla Fernández opening - Fábrica San Pedro

Fábrica San Pedro

Centro Cultural Fábrica de San Pedro
